{"id":531,"date":"2017-09-27T11:06:55","date_gmt":"2017-09-27T09:06:55","guid":{"rendered":"http:\/\/sag.art.uniroma2.it\/clic2017\/?page_id=531"},"modified":"2017-10-17T19:02:16","modified_gmt":"2017-10-17T17:02:16","slug":"accepted-papers","status":"publish","type":"page","link":"http:\/\/sag.art.uniroma2.it\/clic2017\/en\/accepted-papers\/","title":{"rendered":"Accepted Papers @ CLiC-it 2017"},"content":{"rendered":"<p><strong>-io Nouns through the Ages. Analysing Latin Morphological Productivity with Lemlat<\/strong><br \/>\n<em>Marco Budassi, Eleonora Litta and Marco Passarotti<\/em><\/p>\n<p><strong>A little bit of bella pianura: Detecting Code-Mixing in Historical English Travel Writing<\/strong><br \/>\n<em>Rachele Sprugnoli, Sara Tonelli, Giovanni Moretti and Stefano Menini<\/em><\/p>\n<p><strong>A Phase-based Minimalist Parsing Model capturing locality<\/strong><br \/>\n<em>Cristiano Chesi<\/em><\/p>\n<p><strong>A Reproducible Approach with R Markdown to Automatic Classification of Medical Certificates in French<\/strong><br \/>\n<em>Giorgio Maria Di Nunzio, Federica Beghini, Federica Vezzani and Genevi\u00e8ve Henrot<\/em><\/p>\n<p><strong>AHyDA: Automatic Hypernym Detection with feature Augmentation<\/strong><br \/>\n<em>Ludovica Pannitto, Lavinia Salicchi and Alessandro Lenci<\/em><\/p>\n<p><strong>Analysis of Italian Word Embeddings<\/strong><br \/>\n<em>Rocco Tripodi and Stefano Li Pira<\/em><\/p>\n<p><strong>Applicazione di un metodo attribuzionistico quantitativo alla monodia liturgica medievale <\/strong><br \/>\n<em>Francesco Unguendoli, Marco Beghelli and Giampaolo Cristadoro<\/em><\/p>\n<p><strong>Automatic Evaluation of Employee Satisfaction<\/strong><br \/>\n<em>Marco Piersanti, Giulia Brandetti and Pierluigi Failla.<\/em><\/p>\n<p><strong>Bi-directional LSTM-CNNs-CRF for Italian Sequence Labeling<\/strong><br \/>\n<em>Pierpaolo Basile, Giovanni Semeraro and Pierluigi Cassotti<\/em><\/p>\n<p><strong>Can Monolingual Embeddings Improve Neural Machine Translation?<\/strong><br \/>\n<em>Mattia Antonino Di Gangi and Marcello Federico<\/em><\/p>\n<p><strong>Commercial Applications through Community Question Answering Technology<\/strong><br \/>\n<em>Antonio Uva, Valerio Storch, Casimiro Carrino, Ugo Di Iorio and Alessandro Moschitti<\/em><\/p>\n<p><strong>Contrast-Ita Bank: A corpus for Italian Annotated with Discourse Contrast Relations<\/strong><br \/>\n<em>Anna Feltracco, Bernardo Magnini and Elisabetta Jezek<\/em><\/p>\n<p><strong>CorAIt \u2013 A Non-native Speech Database for Italian<\/strong><br \/>\n<em>Claudia Roberta Combei<\/em><\/p>\n<p><strong>Dalla Word sense disambiguation alla sintassi: il problema dell&#8217;articolo partitivo in italiano<\/strong><br \/>\n<em>Ignazio Mauro Mirto and Emanuele Cipolla<\/em><\/p>\n<p><strong>Dealing with Italian Adjectives in Noun Phrase for Natural Language Generation<\/strong><br \/>\n<em>Giorgia Conte, Cristina Bosco and Alessandro Mazzei<\/em><\/p>\n<p><strong>Deep Learning for Automatic Image Captioning in poor Training Conditions<\/strong><br \/>\n<em>Caterina Masotti, Danilo Croce and Roberto Basili<\/em><\/p>\n<p><strong>Deep-learning the Ropes: Modeling Idiomaticity with Neural Networks<\/strong><br \/>\n<em>Yuri Bizzoni, Marco S.G. Senaldi and Alessandro Lenci<\/em><\/p>\n<p><strong>Developing a large scale FrameNet for Italian: the IFrameNet experience<\/strong><br \/>\n<em>Silvia Brambilla, Danilo Croce, Fabio Tamburini and Roberto Basili<\/em><\/p>\n<p><strong>Distributed Processes for Spoken Questions and Commands Understanding<\/strong><br \/>\n<em>Dario Di Mauro, Antonio Origlia and Francesco Cutugno<\/em><\/p>\n<p><strong>Domain-specific Named Entity Disambiguation in Historical Memoirs<\/strong><br \/>\n<em>Marco Rovera, Federico Nanni, Simone Paolo Ponzetto and Anna Goy<\/em><\/p>\n<p><strong>E pluribus unum. Representing compounding in a derivational lexicon of Latin<\/strong><br \/>\n<em>Silvia Micheli and Eleonora Litta<\/em><\/p>\n<p><strong>Emerging Sentiment Language Model for Emotion Detection<\/strong><br \/>\n<em>Anastasia Giachanou, Francisco Rangel, Fabio Crestani and Paolo Rosso<\/em><\/p>\n<p><strong>Emo2Val: Inferring Valence Scores from fine-grained Emotion Values<\/strong><br \/>\n<em>Alessandro Bondielli, Lucia Passaro and Alessandro Lenci<\/em><\/p>\n<p><strong>Enhancing Machine Translation of Academic Course Catalogues with Terminological Resources<\/strong><br \/>\n<em>Randy Scansani and Marcello Federico<\/em><\/p>\n<p><strong>Evaluating a rule based strategy to map IMAGACT and T-PAS<\/strong><br \/>\n<em>Andrea Amelio Ravelli, Lorenzo Gregori and Anna Feltracco<\/em><\/p>\n<p><strong>Find Problems before They Find You with AnnotatorPro&#8217;s Monitoring Functionalities<\/strong><br \/>\n<em>Mohammed R. H. Qwaider, Anne-Lyse Minard, Manuela Speranza and Bernardo Magnini<\/em><\/p>\n<p><strong>Gender stereotypes in film language: a corpus-assisted analysis<\/strong><br \/>\n<em>Lucia Busso and Gianmarco Vignozzi<\/em><\/p>\n<p><strong>Gimme the Usual &#8211; How Handling of Pragmatics Improves Chatbots<\/strong><br \/>\n<em>Alessia Bianchini, Francesco Tarasconi, Raffaella Ventaglio and Mariafrancesca Guadalupi<\/em><\/p>\n<p><strong>Hate Speech Annotation: Analysis of an Italian Twitter Corpus<\/strong><br \/>\n<em>Fabio Poletto, Marco Stranisci, Manuela Sanguinetti, Viviana Patti and Cristina Bosco<\/em><\/p>\n<p><strong>How &#8220;deep&#8221; is learning word inflection?<\/strong><br \/>\n<em>Franco Alberto Cardillo, Marcello Ferro, Claudia Marzi and Vito Pirrelli<\/em><\/p>\n<p><strong>I verbi neologici nell\u2019italiano del web: comportamento sintattico e selezione dell\u2019ausiliare<\/strong><br \/>\n<em>Matteo Amore<\/em><\/p>\n<p><strong>Identifying Predictive Features for Textual Genre Classification: the Key Role of Syntactic Features<\/strong><br \/>\n<em>Martijn Wieling, Felice Dell&#8217;Orletta, Simonetta Montemagni, Andrea Cimino and Giulia Venturi<\/em><\/p>\n<p><strong>INFORMed PA: A NER for the Italian Public Administration Domain<\/strong><br \/>\n<em>Lucia Passaro, Alessandro Lenci and Anna Gabbolini<\/em><\/p>\n<p><strong>Ironic gestures and tones in Twitter<\/strong><br \/>\n<em>Simona Frenda<\/em><\/p>\n<p><strong>Irony Detection: from the Twittersphere to the News Space<\/strong><br \/>\n<em>Alessandra Cervone, Evgeny Stepanov, Fabio Celli and Giuseppe Riccardi<\/em><\/p>\n<p><strong>La distinzione tra nomi e verbi nel lessico mentale: dati psicolinguistici preliminari su una banca-dati di nomi e verbi italiani<\/strong><br \/>\n<em>Maria De Martino, Azzurra Mancuso and Alessandro Laudanna<\/em><\/p>\n<p><strong>Linguistic Features and Newsworthiness: an Analysis of News style<\/strong><br \/>\n<em>Maria Pia Di Buono and Jan Snajder<\/em><\/p>\n<p><strong>Metadata annotation for dramatic texts<\/strong><br \/>\n<em>Vincenzo Lombardo, Rossana Damiano and Antonio Pizzo<\/em><\/p>\n<p><strong>Mining Offensive Language on Social Media<\/strong><br \/>\n<em>Serena Pelosi, Alessandro Maisto, Pierluigi Vitale and Simonetta Vietri<\/em><\/p>\n<p><strong>MODAL: A multilingual corpus annotated for modality<\/strong><br \/>\n<em>Malvina Nissim and Paola Pietrandrea<\/em><\/p>\n<p><strong>Monitoring Adolescents&#8217; Distress using Social Web data as a Source: the InsideOut Project<\/strong><br \/>\n<em>Roberto Basili, Valentina Bellomaria, Niels Jonas Bugge, Danilo Croce, Francesco De Michele, Federico Fiori Nastro, Paolo Fiori Nastro, Chantal Michel, Stefanie Schmidt and Frauke Schultze-Lutter<\/em><\/p>\n<p><strong>Multilingual Neural Machine Translation for Low Resource Languages<\/strong><br \/>\n<em>Surafel Melaku Lakew, Mattia Antonino Di Gangi and Marcello Federico<\/em><\/p>\n<p><strong>Neural Sentiment Analysis for a Real-World Application<\/strong><br \/>\n<em>Daniele Bonadiman, Giuseppe Castellucci, Andrea Favalli, Raniero Romagnoli and Alessandro Moschitti<\/em><\/p>\n<p><strong>PARAD-it: Eliciting Italian Paradigmatic Relations with Crowdsourcing<\/strong><br \/>\n<em>Irene Sucameli and Alessandro Lenci<\/em><\/p>\n<p><strong>PARSEME-It Corpus An annotated Corpus of Verbal Multiword Expressions in Italian<\/strong><br \/>\n<em>Johanna Monti, Maria Pia di Buono and Federico Sangati<\/em><\/p>\n<p><strong>PoS Taggers in the Wild: A Case Study with Swiss Italian Student Essays<\/strong><br \/>\n<em>Daniele Puccinelli, Silvia Demartini, Aris Piatti, Sara Giulivi, Luca Cignetti and Simone Fornara<\/em><\/p>\n<p><strong>Predicting Controversial News Using Facebook Reactions<\/strong><br \/>\n<em>Angelo Basile, Tommaso Caselli and Malvina Nissim<\/em><\/p>\n<p><strong>Predicting Land Use of Italian Cities using Structural Semantic Models<\/strong><br \/>\n<em>Gianni Barlacchi, Bruno Lepri and Alessandro Moschitti<\/em><\/p>\n<p><strong>Sanremo&#8217;s winner is&#8230; Category-driven Selection Strategies for Active Learning<\/strong><br \/>\n<em>Anne-Lyse Minard, Manuela Speranza, Mohammed R. H. Qwaider and Bernardo Magnini<\/em><\/p>\n<p><strong>Stem and fragment priming on verbal forms of Italian<\/strong><br \/>\n<em>Alessandro Laudanna and Giulia Bracco<\/em><\/p>\n<p><strong>Stylometry in Computer-Assisted Translation: Experiments on the Babylonian Talmud<\/strong><br \/>\n<em>Emiliano Giovannetti, Davide Albanesi, Andrea Bellandi, David Dattilo and Felice Dell&#8217;Orletta<\/em><\/p>\n<p><strong>Tagging Semantic Types for Verb Argument Positions<\/strong><br \/>\n<em>Francesca Della Moretta, Anna Feltracco, Elisabetta Jezek and Bernardo Magnini<\/em><\/p>\n<p><strong>The impact of phrases on Italian lexical simplification<\/strong><br \/>\n<em>Sara Tonelli, Alessio Palmero Aprosio and Marco Mazzon<\/em><\/p>\n<p><strong>Toward a bilingual lexical database on connectives: Exploiting a German\/Italian parallel corpus<\/strong><br \/>\n<em>Peter Bourgonje, Yulia Grishina and Manfred Stede<\/em><\/p>\n<p><strong>Toward a Treebank Collecting German Texts from the 18th Century<\/strong><br \/>\n<em>Alessio Salomoni<\/em><\/p>\n<p><strong>Towards an Italian Lexicon for Polarity Classification (polarITA): a Comparative Analysis of Lexical Resources for Sentiment Analysis<\/strong><br \/>\n<em>Delia Iraz\u00fa Hern\u00e1ndez Far\u00edas, Irene Lagan\u00e0, Viviana Patti and Cristina Bosco<\/em><\/p>\n<p><strong>Tree LSTMs for Learning Sentence Representations<\/strong><br \/>\n<em>H\u00e9ctor Cerezo Costas, Manuela I. Mart\u00edn-Vicente and Francisco J. Gonzalez-Castano.<\/em><\/p>\n<p><strong>TWITTIRO`: a Social Media Corpus with a Multi-layered Annotation for Irony<\/strong><br \/>\n<em>Alessandra Teresa Cignarella, Cristina Bosco and Viviana Patti<\/em><\/p>\n","protected":false},"excerpt":{"rendered":"<p>-io Nouns through the Ages. Analysing Latin Morphological Productivity with Lemlat Marco Budassi, Eleonora Litta and Marco Passarotti A little bit of bella pianura: Detecting Code-Mixing in Historical English Travel Writing Rachele Sprugnoli, Sara Tonelli, Giovanni Moretti and Stefano Menini A Phase-based Minimalist Parsing Model capturing locality Cristiano Chesi A Reproducible Approach with R Markdown <a href=\"http:\/\/sag.art.uniroma2.it\/clic2017\/en\/accepted-papers\/\" rel=\"nofollow\"><span class=\"sr-only\">Leggi di pi\u00f9Accepted Papers @ CLiC-it 2017<\/span>[&hellip;]<\/a><\/p>\n","protected":false},"author":2,"featured_media":0,"parent":0,"menu_order":0,"comment_status":"closed","ping_status":"closed","template":"","meta":[],"_links":{"self":[{"href":"http:\/\/sag.art.uniroma2.it\/clic2017\/wp-json\/wp\/v2\/pages\/531"}],"collection":[{"href":"http:\/\/sag.art.uniroma2.it\/clic2017\/wp-json\/wp\/v2\/pages"}],"about":[{"href":"http:\/\/sag.art.uniroma2.it\/clic2017\/wp-json\/wp\/v2\/types\/page"}],"author":[{"embeddable":true,"href":"http:\/\/sag.art.uniroma2.it\/clic2017\/wp-json\/wp\/v2\/users\/2"}],"replies":[{"embeddable":true,"href":"http:\/\/sag.art.uniroma2.it\/clic2017\/wp-json\/wp\/v2\/comments?post=531"}],"version-history":[{"count":4,"href":"http:\/\/sag.art.uniroma2.it\/clic2017\/wp-json\/wp\/v2\/pages\/531\/revisions"}],"predecessor-version":[{"id":918,"href":"http:\/\/sag.art.uniroma2.it\/clic2017\/wp-json\/wp\/v2\/pages\/531\/revisions\/918"}],"wp:attachment":[{"href":"http:\/\/sag.art.uniroma2.it\/clic2017\/wp-json\/wp\/v2\/media?parent=531"}],"curies":[{"name":"wp","href":"https:\/\/api.w.org\/{rel}","templated":true}]}}