{"id":122,"date":"2017-03-16T12:44:59","date_gmt":"2017-03-16T11:44:59","guid":{"rendered":"http:\/\/sag.art.uniroma2.it\/clic2017\/?page_id=122"},"modified":"2017-11-10T15:24:16","modified_gmt":"2017-11-10T14:24:16","slug":"committee","status":"publish","type":"page","link":"http:\/\/sag.art.uniroma2.it\/clic2017\/en\/committee\/","title":{"rendered":"Organizing Committee"},"content":{"rendered":"<h3>Program co-chairs<\/h3>\n<p>Roberto Basili (Universit\u00e0 di Roma, Tor Vergata)<br \/>\nMalvina Nissim (University of Groningen)<br \/>\nGiorgio Satta (Universit\u00e0 di Padova)<\/p>\n<p>&nbsp;<\/p>\n<h3>Local Organizing Committee<\/h3>\n<p>Danilo Croce (Universit\u00e0 di Roma, Tor Vergata)<br \/>\nGiuseppe Castellucci (Almawave)<br \/>\nAndrea Vanzo (Sapienza Universit\u00e0 di Roma)<br \/>\nSimone Filice (Universit\u00e0 di Roma, Tor Vergata)<br \/>\nPaola Cibello (Universit\u00e0 di Roma, Tor Vergata)<\/p>\n<p>&nbsp;<\/p>\n<p>&nbsp;<\/p>\n<h3>Area chairs<\/h3>\n<p style=\"text-align: left;\"><span style=\"color: #993300;\"><em>Cognitive modeling<\/em><\/span><br \/>\nVito Pirrelli (Istituto di Linguistica Computazionale \u201cAntonio Zampolli\u201d, CNR)<\/p>\n<p style=\"text-align: left;\"><span style=\"color: #993300;\"><em>NLP for Digital Humanities<\/em><\/span><br \/>\nRachele Sprugnoli (Fondazione Bruno Kessler)<\/p>\n<p style=\"text-align: left;\"><span style=\"color: #993300;\"><em>Linguistic Issues in CL and NLP<\/em><\/span><br \/>\nElisabetta Jezek (Universit\u00e0 degli Studi di Pavia)<\/p>\n<p style=\"text-align: left;\"><span style=\"color: #993300;\"><em>Language Resources<\/em><\/span><br \/>\nClaudia Soria\u00a0(Istituto di Linguistica Computazionale \u201cAntonio Zampolli\u201d, CNR)<br \/>\nTommaso Caselli\u00a0(University Amsterdam)<\/p>\n<p><span style=\"color: #993300;\"><em>Machine Translation and Multilinguality \u00a0<\/em><\/span><br \/>\nMarcello Federico\u00a0(Fondazione Bruno Kessler)<\/p>\n<p style=\"text-align: left;\"><span style=\"color: #993300;\"><em>Morphology and Syntax Processing<\/em><\/span><br \/>\nFelice dell&#8217;Orletta (Istituto di Linguistica Computazionale \u201cAntonio Zampolli\u201d, CNR)<\/p>\n<p style=\"text-align: left;\"><span style=\"color: #993300;\"><em>NLP for Web and Social Media<\/em><\/span><br \/>\nNicole Novielli (Universit\u00e0 degli Studi di di Bari \u201cAldo Moro\u201d)<br \/>\nValerio Basile (INRIA, France)<\/p>\n<p style=\"text-align: left;\"><span style=\"color: #993300;\"><em>Semantics and Knowledge Acquisition<\/em><\/span><br \/>\nAlessandro Lenci (Universit\u00e0 degli Studi di Pisa)<br \/>\nGiovanni Semeraro\u00a0(Universit\u00e0 degli Studi di di Bari \u201cAldo Moro\u201d)<\/p>\n<p style=\"text-align: left;\"><span style=\"color: #993300;\"><em>Spoken language processing and\u00a0understanding<\/em><\/span><br \/>\nFabio Tamburini\u00a0(Universit\u00e0 di Bologna)<\/p>\n<p style=\"text-align: left;\"><span style=\"color: #993300;\"><em>Information Extraction, Retrieval and Question Answering<\/em><\/span><br \/>\nFabrizio Sebastiani (Istituto di Scienza e Tecnologia dell&#8217;Informazione, Consiglio Nazionale delle Ricerche)<br \/>\nMarco de Gemmis (Universit\u00e0 degli Studi di di Bari \u201cAldo Moro\u201d)<\/p>\n<p style=\"text-align: left;\"><span style=\"color: #993300;\"><em>Machine Learning and Language Processing<\/em><\/span><br \/>\nAlessandro Moschitti (Universit\u00e0 di Trento, Qatar Computing Research Institute)<\/p>\n<p style=\"text-align: left;\"><span style=\"color: #993300;\"><em>Pragmatics and Creativity<\/em><\/span><br \/>\nViviana Patti (Universit\u00e0 degli Studi di Torino)<\/p>\n<p>&nbsp;<\/p>\n","protected":false},"excerpt":{"rendered":"<p>Program co-chairs Roberto Basili (Universit\u00e0 di Roma, Tor Vergata) Malvina Nissim (University of Groningen) Giorgio Satta (Universit\u00e0 di Padova) &nbsp; Local Organizing Committee Danilo Croce (Universit\u00e0 di Roma, Tor Vergata) Giuseppe Castellucci (Almawave) Andrea Vanzo (Sapienza Universit\u00e0 di Roma) Simone Filice (Universit\u00e0 di Roma, Tor Vergata) Paola Cibello (Universit\u00e0 di Roma, Tor Vergata) &nbsp; &nbsp; <a href=\"http:\/\/sag.art.uniroma2.it\/clic2017\/en\/committee\/\" rel=\"nofollow\"><span class=\"sr-only\">Leggi di pi\u00f9Organizing Committee<\/span>[&hellip;]<\/a><\/p>\n","protected":false},"author":2,"featured_media":0,"parent":0,"menu_order":0,"comment_status":"closed","ping_status":"closed","template":"","meta":[],"_links":{"self":[{"href":"http:\/\/sag.art.uniroma2.it\/clic2017\/wp-json\/wp\/v2\/pages\/122"}],"collection":[{"href":"http:\/\/sag.art.uniroma2.it\/clic2017\/wp-json\/wp\/v2\/pages"}],"about":[{"href":"http:\/\/sag.art.uniroma2.it\/clic2017\/wp-json\/wp\/v2\/types\/page"}],"author":[{"embeddable":true,"href":"http:\/\/sag.art.uniroma2.it\/clic2017\/wp-json\/wp\/v2\/users\/2"}],"replies":[{"embeddable":true,"href":"http:\/\/sag.art.uniroma2.it\/clic2017\/wp-json\/wp\/v2\/comments?post=122"}],"version-history":[{"count":14,"href":"http:\/\/sag.art.uniroma2.it\/clic2017\/wp-json\/wp\/v2\/pages\/122\/revisions"}],"predecessor-version":[{"id":1011,"href":"http:\/\/sag.art.uniroma2.it\/clic2017\/wp-json\/wp\/v2\/pages\/122\/revisions\/1011"}],"wp:attachment":[{"href":"http:\/\/sag.art.uniroma2.it\/clic2017\/wp-json\/wp\/v2\/media?parent=122"}],"curies":[{"name":"wp","href":"https:\/\/api.w.org\/{rel}","templated":true}]}}